nder when 6477 is divided by 262.
189
Calculate the remainder when 239860 is divided by 585.
10
Calculate the remainder when 86812 is divided by 2475.
187
What is the remainder when 20065 is divided by 1231?
369
Calculate the remainder when 144 is divided by 144.
0
What is the remainder when 1010149 is divided by 13?
10
Calculate the remainder when 994 is divided by 154.
70
What is the remainder when 360148 is divided by 42?
40
Calculate the remainder when 37296 is divided by 309.
216
What is the remainder when 7288 is divided by 2410?
58
Calculate the remainder when 98593 is divided by 157.
154
Calculate the remainder when 14229 is divided by 340.
289
What is the remainder when 3118 is divided by 176?
126
What is the remainder when 6392 is divided by 2576?
1240
What is the remainder when 41116 is divided by 88?
20
What is the remainder when 101613 is divided by 44?
17
Calculate the remainder when 15291 is divided by 600.
291
What is the remainder when 9430 is divided by 1568?
22
What is the remainder when 351803 is divided by 1644?
1631
What is the remainder when 5403 is divided by 1290?
243
Calculate the remainder when 1809 is divided by 588.
45
What is the remainder when 113703 is divided by 233?
232
Calculate the remainder when 16135 is divided by 224.
7
Calculate the remainder when 2153 is divided by 1070.
13
What is the remainder when 36989 is divided by 824?
733
Calculate the remainder when 196090 is divided by 5160.
10
Calculate the remainder when 16130 is divided by 4029.
14
What is the remainder when 76864 is divided by 746?
26
Calculate the remainder when 653108 is divided by 564.
560
What is the remainder when 52307 is divided by 17379?
170
Calculate the remainder when 2535 is divided by 1242.
51
What is the remainder when 16572 is divided by 2367?
3
What is the remainder when 1052894 is divided by 28?
10
What is the remainder when 1016560 is divided by 338847?
19
Calculate the remainder when 161007 is divided by 347.
346
Calculate the remainder when 23090 is divided by 36.
14
What is the remainder when 12322 is divided by 44?
2
What is the remainder when 23691 is divided by 1561?
276
What is the remainder when 45305 is divided by 16?
9
What is the remainder when 3600 is divided by 54?
36
Calculate the remainder when 2443 is divided by 85.
63
What is the remainder when 1735 is divided by 556?
67
Calculate the remainder when 2817 is divided by 141.
138
What is the remainder when 186152 is divided by 31?
28
Calculate the remainder when 24142 is divided by 685.
167
Calculate the remainder when 6600 is divided by 366.
12
Calculate the remainder when 495253 is divided by 973.
969
Calculate the remainder when 25927 is divided by 28.
27
Calculate the remainder when 18849 is divided by 823.
743
Calculate the remainder when 2851 is divided by 2731.
120
What is the remainder when 163888 is divided by 7?
4
What is the remainder when 18463 is divided by 6148?
19
Calculate the remainder when 244491 is divided by 22226.
5
Calculate the remainder when 97706 is divided by 24410.
66
Calculate the remainder when 120059 is divided by 23.
22
Calculate the remainder when 18268 is divided by 70.
68
Calculate the remainder when 1641721 is divided by 119.
116
Calculate the remainder when 468595 is divided by 117142.
27
Calculate the remainder when 30729 is divided by 126.
111
Calculate the remainder when 4856 is divided by 53.
33
What is the remainder when 2828873 is divided by 67?
66
Calculate the remainder when 66811 is divided by 4771.
17
What is the remainder when 5591 is divided by 5506?
85
What is the remainder when 6624 is divided by 195?
189
What is the remainder when 10013 is divided by 3334?
11
Calculate the remainder when 800 is divided by 23.
18
Calculate the remainder when 714 is divided by 7.
0
What is the remainder when 13910 is divided by 6943?
24
Calculate the remainder when 11446 is divided by 12.
10
What is the remainder when 149832 is divided by 541?
516
What is the remainder when 42616 is divided by 1932?
112
Calculate the remainder when 806 is divided by 395.
16
Calculate the remainder when 2964 is divided by 56.
52
Calculate the remainder when 31228 is divided by 51.
16
What is the remainder when 201601 is divided by 1276?
1269
Calculate the remainder when 27099 is divided by 516.
267
What is the remainder when 2131 is divided by 244?
179
What is the remainder when 5292 is divided by 888?
852
What is the remainder when 2016 is divided by 502?
8
Calculate the remainder when 1235 is divided by 571.
93
Calculate the remainder when 8864 is divided by 2216.
0
What is the remainder when 6394 is divided by 37?
30
Calculate the remainder when 7207 is divided by 7184.
23
What is the remainder when 38145 is divided by 281?
210
What is the remainder when 2142 is divided by 829?
484
What is the remainder when 57486 is divided by 292?
254
Calculate the remainder when 82005 is divided by 102.
99
What is the remainder when 123548 is divided by 15422?
172
What is the remainder when 14941 is divided by 106?
101
What is the remainder when 17235 is divided by 1949?
1643
Calculate the remainder when 1315 is divided by 264.
259
Calculate the remainder when 9048 is divided by 3013.
9
Calculate the remainder when 8015 is divided by 1137.
56
Calculate the remainder when 379386 is divided by 189692.
2
What is the remainder when 100650 is divided by 33548?
6
Calculate the remainder when 127831 is divided by 12.
7
What is the remainder when 201193 is divided by 166?
1
Calculate the remainder when 9322 is divided by 934.
916
What is the remainder when 17127 is divided by 119?
110
Calculate the remainder when 55677 is divided by 29.
26
What is the remainder when 493 is divided by 119?
17
Calculate the remainder when 134196 is divided by 2855.
11
What is the remainder when 8648 is divided by 614?
52
Calculate the remainder when 13945 is divided by 22.
19
What is the remainder when 36373 is divided by 105?
43
Calculate the remainder when 934 is divided by 197.
146
What is the remainder when 693264 is divided by 537?
534
What is the remainder when 55065 is divided by 148?
9
Calculate the remainder when 66739 is divided by 534.
523
Calculate the remainder when 104352 is divided by 104325.
27
Calculate the remainder when 5686 is divided by 3764.
1922
What is the remainder when 7475 is divided by 1198?
287
What is the remainder when 71132 is divided by 560?
12
Calculate the remainder when 7695 is divided by 762.
75
Calculate the remainder when 3334 is divided by 417.
415
What is the remainder when 37405 is divided by 6231?
19
What is the remainder when 2361 is divided by 2303?
58
Calculate the remainder when 19714 is divided by 146.
4
What is the remainder when 71537 is divided by 35?
32
What is the remainder when 5783 is divided by 304?
7
What is the remainder when 2034 is divided by 525?
459
Calculate the remainder when 8519 is divided by 6.
5
Calculate the remainder when 226722 is divided by 268.
262
Calculate the remainder when 142483 is divided by 308.
187
What is the remainder when 1209 is divided by 296?
25
What is the remainder when 5777 is divided by 40?
17
What is the remainder when 20636 is divided by 21?
14
Calculate the remainder when 291654 is divided by 35.
34
What is the remainder when 109336 is divided by 15618?
10
What is the remainder when 39594 is divided by 808?
2
Calculate the remainder when 7795 is divided by 289.
281
What is the remainder when 11546 is divided by 5?
1
Calculate the remainder when 36304 is divided by 36169.
135
Calculate the remainder when 13153 is divided by 3287.
5
Calculate the remainder when 981 is divided by 65.
6
What is the remainder when 836686 is divided by 89?
86
Calculate the remainder when 18500235 is divided by 81.
78
What is the remainder when 4543 is divided by 114?
97
Calculate the remainder when 54738 is divided by 7.
5
What is the remainder when 2137 is divided by 266?
9
What is the remainder when 6353 is divided by 487?
22
What is the remainder when 3701 is divided by 694?
231
What is the remainder when 12071 is divided by 3978?
137
Calculate the remainder when 3205 is divided by 1264.
677
Calculate the remainder when 4410 is divided by 2058.
294
What is the remainder when 5994 is divided by 21?
9
What i